-44)/4) composite?
False
Let u = -32 - -32. Let c = 8 + u. Is (-1)/c*-2098*4 a prime number?
True
Let t = -181548 - -338307. Is t a prime number?
False
Is 456/(-1064) + 10009050/21 prime?
False
Suppose -2*y - 4*z = -3*z + 233, -3*y + 3*z = 327. Let x(s) = s**3 + 4*s**2 - 16*s - 21. Let w be x(8). Let v = y + w. Is v composite?
True
Suppose 15*a = 37*a + 438570. Let p = -13490 - a. Is p a composite number?
True
Let j(k) = 335*k**2 + 9*k + 21. Suppose 21 = 3*q + 36. Is j(q) a prime number?
False
Is 885/(-590)*1072846/(-3) composite?
False
Let q = -150354 - -578339. Is q a composite number?
True
Let i(h) be the second derivative of -17*h**5/20 + 2*h**4/3 - 5*h**3/6 - h**2/2 - 11*h. Let u be i(5). Let t = u + 2738. Is t a prime number?
True
Let u = -881 - -877. Suppose -18 = -5*d + 4*l, 2 + 10 = 5*d - l. Is (-161)/(-3 - (d + u)) a prime number?
False
Let f(o) = 16100*o + 207. Is f(19) prime?
False
Suppose -5*w + 4*u = 8, -u + 4 = 5*w + u. Suppose w = -5*j + 3*k - 286, 3*j - k + 164 = -3*k. Let l = -23 - j. Is l a composite number?
True
Suppose 3*d + 6765 + 3561 = 2*v, 0 = -2*v + 2*d + 10326. Suppose v = 2*w + 3*p - 3185, 3*p - 16702 = -4*w. Is w prime?
True
Let n be (-648 + -7)/(16/(-5) - -3). Let j = -1654 + n. Is j a composite number?
False
Suppose 199*a - 203*a + 5317944 = -4*l, 0 = -3*a + 5*l + 3988448. Is a prime?
False
Suppose u + 31 = -2*g, -3*g = 2*g + u + 70. Let a be (-24)/g + 8/52. Suppose -2*y - 2*y = a*z - 2516, 2*y = z + 1258. Is y a prime number?
False
Let j = -29 + 31. Suppose 0 = -5*x - 2*m + m + 6458, -5170 = -4*x - j*m. Is x a composite number?
False
Suppose 18*h = -2 - 34. Let l be 1/(-3) - 6055/(-3). Is (l/(-8))/(h*(-2)/(-16)) composite?
False
Is ((-10)/(-6) - 2/1)/((-2401)/7399778757) a prime number?
True
Suppose -12 = -33*n + 29*n. Let t(b) = 279*b**2 - 5*b + 7. Is t(n) composite?
False
Suppose -2*g = -v + 1426 + 7307, 2*g = 3*v - 8743. Let s = g - -10267. Is s a composite number?
False
Let a(x) = 32*x + 68. Let y be a(-2). Let z(l) = 9*l**3 - l**2 - 17*l + 61. Is z(y) a prime number?
False
Suppose 51*u + 82372 + 537768 = 10865581. Is u a prime number?
True
Let w = -9589 - -23496. Is w prime?
True
Let i(h) = 47*h + 661. Let o be i(-14). Let s(p) = 193*p**2 - 6*p - 3. Let g be s(7). Suppose -o*c - 595 = -g. Is c a composite number?
False
Suppose 98*b = 101*b - 24. Suppose a + 4*z = 2*a - 9515, -18965 = -2*a - 5*z. Suppose 0 = g + b*g - a. Is g composite?
True
Suppose -10*l + 61161 = -59549. Suppose 0 = -5*a + r + 60355, -13*r = -a - 9*r + l. Is a prime?
True
Suppose 0 = 2*q + 5*a + 7, -5*q = -9*a + 8*a - 23. Is 51198/7 + 1 - (q - 0) a prime number?
False
Is (-15823)/(210/(-15) - -13) a composite number?
False
Suppose r - 4*t - 3 = 19, 2*t = -r - 2. Is 42310/25 + r/10 prime?
True
Suppose -t + 3*c + 350186 = 0, -2*t + 125*c = 130*c - 700405. Is t prime?
False
Suppose 0 = -3*n - 4*n + 21483. Let v = n + -1446. Suppose -o + v = -1576. Is o a prime number?
False
Let y(f) be the second derivative of 2*f**5/5 + f**4 - 7*f**3/6 - 6*f**2 + 114*f + 1. Let z be (0 + 2)/(2/7). Is y(z) a prime number?
True
Suppose 8*i + 1245 = -2539. Let t = 1818 + i. Suppose v = -4*v + t. Is v a prime number?
True
Let v(f) = 78*f**3 + 14*f**2 - 84*f + 23. Is v(6) composite?
False
Let n(j) = 5*j - 5. Let t be n(2). Suppose -2*g = k - 4 - 8, t*g = k + 23. Is 2651/(-1)*(-1 + (g - 5)) a prime number?
False
Suppose 0*k + 2*k = 2*j + 838, -4*j = -2*k + 842. Suppose 4*u + 2 = 2*u, 5*f = -u + 4. Is 1 + -4 + (k - (2 - f)) composite?
True
Let z(b) = -b**3 - 4*b**2 - 4*b + 537609. Is z(0) a prime number?
False
Let v(p) be the third derivative of p**6/24 + 43*p**5/120 + 5*p**4/8 + 47*p**2. Let r(b) be the second derivative of v(b). Is r(19) composite?
False
Let v = -10723 - -27056. Is v prime?
True
Let a = -88148 + 137121. Is a composite?
False
Let j be (-195)/(-52)*(-32)/(-6). Is -9763*(j + -17 - (-8)/(-2)) a prime number?
False
Let w = -212 + 363. Let h = 109 - 81. Let l = w + h. Is l composite?
False
Suppose 7*o - 3*o = -c - 20, 5*c - 5*o = 25. Let j(d) = d**2 + d + 5. Let k be j(c). Suppose -3*y = -m - 648, -5*m - 1081 = -k*y - 3*m. Is y prime?
False
Let y be 3 + -2 - (-15 - 5). Suppose 60 = 20*t - y*t. Let r = t - -107. Is r composite?
False
Let n(w) = -197 - 206 - 7*w + 4*w**2 + 418. Is n(14) composite?
False
Let n = -32 + 58. Let q be n/10 - ((-90)/(-25) - 4). Suppose 0 = -2*r + 5*z + 165, 0 = -r - 0*r + q*z + 82. Is r a prime number?
False
Suppose 74*h + 1438706 = r + 71*h, 0 = -5*r - 5*h + 7193550. Is r a composite number?
False
Let t be (-346)/(-8) + 9/(-36). Suppose 0 = t*a - 41*a - 22. Let u(g) = 41*g**2 - 9*g - 40. Is u(a) prime?
False
Let x(y) = 3866*y**2 - 2*y - 1. Let a be 9/(-9) + (1 - -1). Is x(a) composite?
False
Suppose -52*n + 12246091 = -4873401. Is n a composite number?
True
Let n be (5 - 3)*9/6. Suppose -2*o - n*o = 0. Suppose o = -y + 555 - 136. Is y composite?
False
Suppose 2*b + 42*q - 38*q = 6, b = -q + 8. Suppose 0 = 3*o + 9, 71816 = 17*r - b*r + 4*o. Is r prime?
True
Is -3428*(-81 - -24) - (-7 + 2) a composite number?
False
Let k = 151 + -151. Suppose -5*t - 7165 + 33470 = k. Is t a composite number?
False
Let w be 8*9*5/30. Suppose 2*v = 3*s - 15, -2*v = -s - s + w. Suppose 4*n = -s*i + 7468, -i - 5601 = -3*n - 4*i. Is n a composite number?
False
Let x(i) = -46005*i**3 - 2*i**2 - 88*i - 88. Is x(-1) prime?
False
Let w(u) = -464*u - 162. Let b(i) = -155*i - 53. Let k(y) = -17*b(y) + 6*w(y). Is k(-8) a prime number?
False
Suppose -3*d - 5*m - 1339 = 0, -3*m - 1327 = 3*d - 4*m. Let f = d - -936. Is f prime?
False
Let c(a) = -210*a + 10 + 62*a + 26 + 1. Suppose -110*y = -114*y - 16. Is c(y) composite?
True
Is (3 + (-91)/28)/((-5)/618620) a prime number?
True
Is 0/4 - (-61194 + 2 + -7 - -4) prime?
False
Let g = -79 + 86. Suppose -g*q + 70 = -2*q. Let r(s) = 2*s**3 - 11*s**2 - 15*s + 41. Is r(q) composite?
False
Let d(g) = -6437*g + 96. Let h be d(-7). Suppose 23*c - h = -32*c. Is c prime?
True
Let z = 11164 + -4550. Is z composite?
True
Let t = -30 + 36. Let a be (15068/t)/1 + (-16)/48. Let x = 3662 - a. Is x a composite number?
False
Let w be 26777/21 + 2/(-21). Let v = w + -626. Is v composite?
True
Suppose -5*z - z + 204 = 0. Suppose 3 = -c + z. Suppose 348 = v - c. Is v a prime number?
True
Suppose -365979 = -z + 5*g, 23*z - 27*z + 5*g + 1463886 = 0. Is z composite?
False
Suppose -77*f - 62486 = -452799. Is f a prime number?
False
Is 6 - (-170145060)/315 - 2/42 prime?
True
Is (-251606*(-2 + (-70)/(-20)))/(-5 - -2) composite?
False
Suppose -16*j + 421198 = 286370 - 474980. Is j a prime number?
True
Let l = -271861 - -452570. Is l composite?
True
Let j(t) = -3*t + 29. Suppose -5*g - 1 = h - 55, 0 = 4*h + 4*g - 152. Let q = 22 - h. Is j(q) composite?
True
Suppose -29 - 11 = -20*m. Let q(h) = 11207*h - 5. Is q(m) composite?
False
Let y(u) = -4*u - 33*u**3 - 32*u**3 + 3*u. Let m be y(-3). Suppose 20*t = 22*t - m. Is t a composite number?
True
Let c be ((-7)/((-7)/(-10)))/(-2). Suppose -5*h - c*r + 2402 = 457, 5*h - 1935 = -3*r. Let o = 881 - h. Is o prime?
False
Is 22/(-11) + -3 - (-83091 - 3) prime?
True
Suppose 35*w + 3*w = 1842917 - 101871. Is w a composite number?
False
Let p(v) = 97*v**2 - 6*v - 157. Is p(21) prime?
False
Let n(h) be the third derivative of -2*h**6/15 - 13*h**5/60 + 3*h**4/8 + 5*h**3/2 + 81*h**2. Is n(-6) prime?
False
Let x(w) = -29*w + 1761. Is x(0) prime?
False
Let d = -421 - -422. Is ((-47202)/(-4) - d)/(5/10) a composite number?
False
Let u = 305913 - -49544. Is u prime?
True
Suppose 5*s - 3*p - 17 = -0, p - 1 = 0. Suppose 3*q - 18633 - 1790 = -2*t, -3*q + s*t = -20399. Is q composite?
True
Let j be (130/39)/(1/(-3)) + 0. Let q(c) = c**2 + 11*c + 4. Let v be q(j). Let g(t) = t**2 + t + 3. Is g(v) a prime number?
False
Let j(h) = 7*h**2 - 4*h + 111. Let a be j(6). Let g = 12110 - a. Is g a composite number?
True
Let b be (-6675)/6*(-26)/(-13). Let c = b + 8232. Is c prime?
True
Let l(z) = 5*z**2 + 5*z + 13. Let i be -1 - -2 - (-12 + 11). Suppose 2 = -x + 5, 5*x = -i*q - 1. Is l(q) a prime number?
True
Suppose -5*r + 250132 = a, 9*a = 13*a - 5*r - 1000653. Is a composite?
True
Suppose -19*q = -44 - 32. Let p be 1/(-2) + 22/4. Suppose -1209 = -q*n + 5*s + 2962, 3*n - 3172 = -p*s. Is n a prime number?
True
Let k(s)